{"id":549,"date":"2024-02-21T20:45:01","date_gmt":"2024-02-21T19:45:01","guid":{"rendered":"https:\/\/lebelgequilit.com\/?page_id=549"},"modified":"2025-03-08T08:39:35","modified_gmt":"2025-03-08T07:39:35","slug":"la-boite-3","status":"publish","type":"page","link":"https:\/\/lebelgequilit.com\/index.php\/la-boite-3\/","title":{"rendered":"Oserez-vous rentrer dans la Bo\u00eete ?"},"content":{"rendered":"<div class=\"wp-block-image\">\n<figure class=\"aligncenter size-large is-resized\"><img fetchpriority=\"high\" decoding=\"async\" width=\"1024\" height=\"470\" src=\"https:\/\/lebelgequilit.com\/wp-content\/uploads\/2024\/02\/LOGO_2-1024x470.png\" alt=\"\" class=\"wp-image-564\" style=\"width:505px;height:auto\" srcset=\"https:\/\/lebelgequilit.com\/wp-content\/uploads\/2024\/02\/LOGO_2-1024x470.png 1024w, https:\/\/lebelgequilit.com\/wp-content\/uploads\/2024\/02\/LOGO_2-300x138.png 300w, https:\/\/lebelgequilit.com\/wp-content\/uploads\/2024\/02\/LOGO_2-768x353.png 768w, https:\/\/lebelgequilit.com\/wp-content\/uploads\/2024\/02\/LOGO_2-1536x705.png 1536w, https:\/\/lebelgequilit.com\/wp-content\/uploads\/2024\/02\/LOGO_2-2048x940.png 2048w, https:\/\/lebelgequilit.com\/wp-content\/uploads\/2024\/02\/LOGO_2-1320x606.png 1320w\" sizes=\"(max-width: 1024px) 100vw, 1024px\" \/><figcaption class=\"wp-element-caption\">\u00a9 Frederic Ernotte<\/figcaption><\/figure>\n<\/div>\n\n\n<p><strong>La Bo\u00eete<\/strong> est un espace sur Twitch o\u00f9 <strong>Frederic Ernotte<\/strong>, auteur propose de rencontrer les auteurs et autres personnes travaillant dans le monde du livre, dans ubn espace conviviale afin de leur donner la parole.<br>Il y organise des interviews, des quiz et des tables rondes sur le monde des livres de fa\u00e7on r\u00e9currente, tous les Jeudi, de 20 h \u00e0 23h.<\/p>\n\n\n<div class=\"wp-block-image\">\n<figure class=\"aligncenter size-full is-resized\"><a href=\"https:\/\/www.twitch.tv\/fredericernotteauteur\" target=\"_blank\" rel=\"noreferrer noopener\"><img decoding=\"async\" width=\"980\" height=\"980\" src=\"https:\/\/lebelgequilit.com\/wp-content\/uploads\/2024\/02\/twitch-logo-twitch-icon-transparent-free-png.png\" alt=\"\" class=\"wp-image-567\" style=\"width:252px;height:auto\" srcset=\"https:\/\/lebelgequilit.com\/wp-content\/uploads\/2024\/02\/twitch-logo-twitch-icon-transparent-free-png.png 980w, https:\/\/lebelgequilit.com\/wp-content\/uploads\/2024\/02\/twitch-logo-twitch-icon-transparent-free-png-300x300.png 300w, https:\/\/lebelgequilit.com\/wp-content\/uploads\/2024\/02\/twitch-logo-twitch-icon-transparent-free-png-150x150.png 150w, https:\/\/lebelgequilit.com\/wp-content\/uploads\/2024\/02\/twitch-logo-twitch-icon-transparent-free-png-768x768.png 768w\" sizes=\"(max-width: 980px) 100vw, 980px\" \/><\/a><figcaption class=\"wp-element-caption\">Cliquez sur cette image pour rentrer dans la Bo\u00eete !<\/figcaption><\/figure>\n<\/div>\n\n<div class=\"wp-block-image\">\n<figure class=\"alignleft size-large is-resized\"><img decoding=\"async\" width=\"802\" height=\"1024\" src=\"https:\/\/lebelgequilit.com\/wp-content\/uploads\/2024\/02\/Fred-redim1-802x1024.png\" alt=\"\" class=\"wp-image-563\" style=\"width:241px;height:auto\" srcset=\"https:\/\/lebelgequilit.com\/wp-content\/uploads\/2024\/02\/Fred-redim1-802x1024.png 802w, https:\/\/lebelgequilit.com\/wp-content\/uploads\/2024\/02\/Fred-redim1-235x300.png 235w, https:\/\/lebelgequilit.com\/wp-content\/uploads\/2024\/02\/Fred-redim1-768x981.png 768w, https:\/\/lebelgequilit.com\/wp-content\/uploads\/2024\/02\/Fred-redim1-1203x1536.png 1203w, https:\/\/lebelgequilit.com\/wp-content\/uploads\/2024\/02\/Fred-redim1-1604x2048.png 1604w, https:\/\/lebelgequilit.com\/wp-content\/uploads\/2024\/02\/Fred-redim1-1320x1686.png 1320w, https:\/\/lebelgequilit.com\/wp-content\/uploads\/2024\/02\/Fred-redim1.png 1914w\" sizes=\"(max-width: 802px) 100vw, 802px\" \/><figcaption class=\"wp-element-caption\">\u00a9 Frederic Ernotte<\/figcaption><\/figure>\n<\/div>\n\n\n<p><\/p>\n\n\n\n<p>N&rsquo;h\u00e9sitez pas \u00e0 vous laisser embarquer dans son univers en visitant son <strong>site internet<\/strong>, mais aussi en suivant ses projets sur <strong>Youtube <\/strong>et <strong><a href=\"https:\/\/www.twitch.tv\/fredericernotteauteur\" target=\"_blank\" rel=\"noopener\" title=\"\">Twitch<\/a><\/strong>.<br><br>Alors n&rsquo;h\u00e9sitez pas \u00e0 vous abonner \u00e0 ses projets!<\/p>\n\n\n\n<p>Romancier, cr\u00e9ateur de contenu, coach litt\u00e9raire et concepteur de jeux,  Frederic Ernotte  vous invite \u00e0 le  suivre dans un univers passionnant aux multiples facettes ! <br>Auteur de 3 livres (<strong> C&rsquo;est dans la bo\u00eete<\/strong> , <strong><a href=\"https:\/\/fredericernotte.eu\/index.php\/auteur\/ne-sautez-pas\/\" target=\"_blank\" rel=\"noopener\" title=\"\">Ne sautez pas<\/a><\/strong> et <strong><a href=\"https:\/\/fredericernotte.eu\/index.php\/auteur\/comme-des-mouches\/\" target=\"_blank\" rel=\"noopener\" title=\"\">Comme des mouches<\/a><\/strong> ), il vous embarque dans son univers o\u00f9 les tensions sont maitris\u00e9es afin de vous faire vivre un moment de lecture inoubliable.<\/p>\n","protected":false},"excerpt":{"rendered":"<p>La Bo\u00eete est un espace sur Twitch o\u00f9 Frederic Ernotte, auteur propose de rencontrer les auteurs et autres personnes travaillant dans le monde du livre, dans ubn espace conviviale afin de leur donner la parole.Il y organise des interviews, des quiz et des tables rondes sur le monde des livres de fa\u00e7on r\u00e9currente, tous les Jeudi, de 20 h \u00e0 23h. N&rsquo;h\u00e9sitez pas \u00e0 vous laisser embarquer dans son univers en visitant son site internet, mais aussi en suivant ses projets sur Youtube et Twitch. Alors n&rsquo;h\u00e9sitez pas \u00e0 vous abonner \u00e0 ses projets! Romancier, cr\u00e9ateur de contenu, coach litt\u00e9raire et concepteur de jeux, Frederic Ernotte vous invite \u00e0 le suivre dans un univers passionnant aux multiples facettes ! Auteur de 3 livres ( C&rsquo;est dans la bo\u00eete , Ne sautez pas et Comme des mouches ), il vous embarque dans son univers o\u00f9 les tensions sont maitris\u00e9es afin de vous faire vivre un moment de lecture inoubliable.<\/p>\n","protected":false},"author":1,"featured_media":0,"parent":0,"menu_order":0,"comment_status":"open","ping_status":"closed","template":"","meta":{"om_disable_all_campaigns":false,"_monsterinsights_skip_tracking":false,"_monsterinsights_sitenote_active":false,"_monsterinsights_sitenote_note":"","_monsterinsights_sitenote_category":0,"jetpack_post_was_ever_published":false,"iawp_total_views":19,"footnotes":""},"class_list":["post-549","page","type-page","status-publish","hentry"],"aioseo_notices":[],"acf":[],"jetpack_sharing_enabled":true,"_links":{"self":[{"href":"https:\/\/lebelgequilit.com\/index.php\/wp-json\/wp\/v2\/pages\/549","targetHints":{"allow":["GET"]}}],"collection":[{"href":"https:\/\/lebelgequilit.com\/index.php\/wp-json\/wp\/v2\/pages"}],"about":[{"href":"https:\/\/lebelgequilit.com\/index.php\/wp-json\/wp\/v2\/types\/page"}],"author":[{"embeddable":true,"href":"https:\/\/lebelgequilit.com\/index.php\/wp-json\/wp\/v2\/users\/1"}],"replies":[{"embeddable":true,"href":"https:\/\/lebelgequilit.com\/index.php\/wp-json\/wp\/v2\/comments?post=549"}],"version-history":[{"count":8,"href":"https:\/\/lebelgequilit.com\/index.php\/wp-json\/wp\/v2\/pages\/549\/revisions"}],"predecessor-version":[{"id":578,"href":"https:\/\/lebelgequilit.com\/index.php\/wp-json\/wp\/v2\/pages\/549\/revisions\/578"}],"wp:attachment":[{"href":"https:\/\/lebelgequilit.com\/index.php\/wp-json\/wp\/v2\/media?parent=549"}],"curies":[{"name":"wp","href":"https:\/\/api.w.org\/{rel}","templated":true}]}}